{"version":"1.0","provider_name":"SE\u00d1ALCONFOR","provider_url":"https:\/\/senalconfor.com\/blog","title":"As\u00ed cambiar\u00e1n las matr\u00edculas en Espa\u00f1a en 2025 - SE\u00d1ALCONFOR","type":"rich","width":600,"height":338,"html":"<blockquote class=\"wp-embedded-content\" data-secret=\"0tsNxuriSq\"><a href=\"https:\/\/senalconfor.com\/blog\/asi-cambiaran-las-matriculas-en-espana-en-2025\/\">As\u00ed cambiar\u00e1n las matr\u00edculas en Espa\u00f1a en 2025<\/a><\/blockquote><iframe sandbox=\"allow-scripts\" security=\"restricted\" src=\"https:\/\/senalconfor.com\/blog\/asi-cambiaran-las-matriculas-en-espana-en-2025\/embed\/#?secret=0tsNxuriSq\" width=\"600\" height=\"338\" title=\"\u00abAs\u00ed cambiar\u00e1n las matr\u00edculas en Espa\u00f1a en 2025\u00bb \u2014 SE\u00d1ALCONFOR\" data-secret=\"0tsNxuriSq\" frameborder=\"0\" marginwidth=\"0\" marginheight=\"0\" scrolling=\"no\" class=\"wp-embedded-content\"><\/iframe><script type=\"text\/javascript\">\n\/* <![CDATA[ *\/\n\/*! This file is auto-generated *\/\n!function(d,l){\"use strict\";l.querySelector&&d.addEventListener&&\"undefined\"!=typeof URL&&(d.wp=d.wp||{},d.wp.receiveEmbedMessage||(d.wp.receiveEmbedMessage=function(e){var t=e.data;if((t||t.secret||t.message||t.value)&&!\/[^a-zA-Z0-9]\/.test(t.secret)){for(var s,r,n,a=l.querySelectorAll('iframe[data-secret=\"'+t.secret+'\"]'),o=l.querySelectorAll('blockquote[data-secret=\"'+t.secret+'\"]'),c=new RegExp(\"^https?:$\",\"i\"),i=0;i<o.length;i++)o[i].style.display=\"none\";for(i=0;i<a.length;i++)s=a[i],e.source===s.contentWindow&&(s.removeAttribute(\"style\"),\"height\"===t.message?(1e3<(r=parseInt(t.value,10))?r=1e3:~~r<200&&(r=200),s.height=r):\"link\"===t.message&&(r=new URL(s.getAttribute(\"src\")),n=new URL(t.value),c.test(n.protocol))&&n.host===r.host&&l.activeElement===s&&(d.top.location.href=t.value))}},d.addEventListener(\"message\",d.wp.receiveEmbedMessage,!1),l.addEventListener(\"DOMContentLoaded\",function(){for(var e,t,s=l.querySelectorAll(\"iframe.wp-embedded-content\"),r=0;r<s.length;r++)(t=(e=s[r]).getAttribute(\"data-secret\"))||(t=Math.random().toString(36).substring(2,12),e.src+=\"#?secret=\"+t,e.setAttribute(\"data-secret\",t)),e.contentWindow.postMessage({message:\"ready\",secret:t},\"*\")},!1)))}(window,document);\n\/* ]]> *\/\n<\/script>\n","thumbnail_url":"https:\/\/senalconfor.com\/blog\/wp-content\/uploads\/2024\/12\/Trafico-2.jpg","thumbnail_width":2016,"thumbnail_height":1512,"description":"Novedades en las placas El actual sistema de matriculaci\u00f3n entr\u00f3 en vigor en septiembre de 2000 y puso fin a los distintivos provinciales El actual sistema de matr\u00edculas que hay en Espa\u00f1a data del a\u00f1o 2000. El 18 de septiembre de ese a\u00f1o se adopt\u00f3 un modelo que eliminaba la identificaci\u00f3n provincial que hasta entonces..."}

SEÑALCONFOR

Así cambiarán las matrículas en España en 2025 - SEÑALCONFOR

<blockquote class="wp-embedded-content" data-secret="0tsNxuriSq"><a href="https://senalconfor.com/blog/asi-cambiaran-las-matriculas-en-espana-en-2025/">Así cambiarán las matrículas en España en 2025</a></blockquote><iframe sandbox="allow-scripts" security="restricted" src="https://senalconfor.com/blog/asi-cambiaran-las-matriculas-en-espana-en-2025/embed/#?secret=0tsNxuriSq" width="600" height="338" title="«Así cambiarán las matrículas en España en 2025» — SEÑALCONFOR" data-secret="0tsNxuriSq" frameborder="0" marginwidth="0" marginheight="0" scrolling="no" class="wp-embedded-content"></iframe><script type="text/javascript">
/* <![CDATA[ */
/*! This file is auto-generated */
!function(d,l){"use strict";l.querySelector&&d.addEventListener&&"undefined"!=typeof URL&&(d.wp=d.wp||{},d.wp.receiveEmbedMessage||(d.wp.receiveEmbedMessage=function(e){var t=e.data;if((t||t.secret||t.message||t.value)&&!/[^a-zA-Z0-9]/.test(t.secret)){for(var s,r,n,a=l.querySelectorAll('iframe[data-secret="'+t.secret+'"]'),o=l.querySelectorAll('blockquote[data-secret="'+t.secret+'"]'),c=new RegExp("^https?:$","i"),i=0;i<o.length;i++)o[i].style.display="none";for(i=0;i<a.length;i++)s=a[i],e.source===s.contentWindow&&(s.removeAttribute("style"),"height"===t.message?(1e3<(r=parseInt(t.value,10))?r=1e3:~~r<200&&(r=200),s.height=r):"link"===t.message&&(r=new URL(s.getAttribute("src")),n=new URL(t.value),c.test(n.protocol))&&n.host===r.host&&l.activeElement===s&&(d.top.location.href=t.value))}},d.addEventListener("message",d.wp.receiveEmbedMessage,!1),l.addEventListener("DOMContentLoaded",function(){for(var e,t,s=l.querySelectorAll("iframe.wp-embedded-content"),r=0;r<s.length;r++)(t=(e=s[r]).getAttribute("data-secret"))||(t=Math.random().toString(36).substring(2,12),e.src+="#?secret="+t,e.setAttribute("data-secret",t)),e.contentWindow.postMessage({message:"ready",secret:t},"*")},!1)))}(window,document);
/* ]]> */
</script>

Novedades en las placas El actual sistema de matriculación entró en vigor en septiembre de 2000 y puso fin a los distintivos provinciales El actual sistema de matrículas que hay en España data del año 2000. El 18 de septiembre de ese año se adoptó un modelo que eliminaba la identificación provincial que hasta entonces...
